te the remainder when m is divided by h.
26
Let g be (-11)/((-11)/60) + -4 - 4. Calculate the remainder when (6 - (-7)/2)*g is divided by 71.
68
Let d = -105 - -6. Let f = d + 109. Suppose f*o = -14 + 204. What is the remainder when 36 is divided by o?
17
Suppose 20 = -2*t + 4, -3*n + t + 5192 = 0. What is the remainder when n is divided by 291?
273
Let f(v) = -308*v + 2548. What is the remainder when f(2) is divided by 149?
144
Calculate the remainder when 707 is divided by ((-63)/(-126))/(2/284).
68
Let c(j) = -6*j + 17. Let g(t) = t**2 + 19*t + 88. What is the remainder when c(-18) is divided by g(-14)?
17
Let s(u) = u**2 - 8*u + 1. Suppose -138*x + 420 = 166*x - 284*x. Calculate the remainder when x is divided by s(8).
0
Suppose -3*c = z - 124, 104 = 2*c - 94*z + 92*z. Let j(t) = 3*t**2 - 2. Calculate the remainder when c is divided by j(-2).
4
Let p(h) = -63*h**2 + 5*h + 4. Let k be p(-1). Let l = k - -92. Suppose -o + l = -w, 0 = -4*o + w + w + 112. Calculate the remainder when o is divided by 6.
4
Let f be ((-6)/7)/(((-15)/14)/5). Suppose 0 = 4*h + 3*z - 84, 0 = -f*z + z - 12. What is the remainder when h is divided by 7?
3
Let n be 6*(-3)/6 + 7. Suppose -n*j + 12 = -0*j. Suppose j*i - 91 - 50 = 0. Calculate the remainder when i is divided by 16.
15
Suppose -4*h + 5*o + 327 = 0, 2*h + 4*o + 312 = 508. What is the remainder when 362 is divided by h?
10
What is the remainder when 312/(20/8 + -1) is divided by 61?
25
Let b = -20 + 25. Suppose -80 = -10*a + b*a. Calculate the remainder when 27 is divided by a.
11
Suppose -5*k - 54 = -2184. Suppose -3*o = -4*h - k, -2*h + 15 = 3*h. Calculate the remainder when o is divided by 21.
20
Let f = 3372 + -3258. What is the remainder when f is divided by 12*(-1 - 14/(-8))?
6
Let i = -445 - 100. Let a = -537 - i. Let j = -41 + 80. What is the remainder when j is divided by a?
7
Let v(r) = -r**2 - 3*r + 13. Let k be v(-9). Let h = k - -43. Calculate the remainder when 58 is divided by 44/(4/2) - h.
18
Let n be (-1)/(-2) + (-55)/(-2). Suppose 0 = -h + 94 - n. Suppose -94 = -5*g + 2*b, -5*g + g - 3*b = -66. Calculate the remainder when h is divided by g.
12
Let m(z) = z**3 - 70*z**2 + 656*z - 11. What is the remainder when m(59) is divided by 14?
10
Suppose 131 = -2*l + 485. Let u(t) = -t**3 + 7*t**2 + 13*t - 3. What is the remainder when l is divided by u(8)?
29
Suppose -10*v = -1090 - 20. Suppose 123*a - 132 = v*a. What is the remainder when (9/(-12))/(2/(-80)) is divided by a?
8
Suppose 66*p - 486 = 63*p. Let o = 184 - p. What is the remainder when o is divided by 12?
10
Let b(d) = -d**2 + 111*d + 11592. Calculate the remainder when b(156) is divided by 25.
22
Let g(z) = 85*z**2 + 90*z + 15. Calculate the remainder when g(-3) is divided by 108.
78
Let s be (286/(-234))/((-4)/36). Suppose 0 = 2*r - 8, 16*d - 1059 = s*d - r. Calculate the remainder when d is divided by 25.
11
Suppose 0 = -3*f - 595 - 467. Calculate the remainder when 47 is divided by f/(-36) + (-20)/24.
2
Suppose 5*u - 6*l + 30 = -l, -5*u + l = 10. Suppose -316*j + 10303 + 4865 = 0. What is the remainder when j is divided by (2/4)/(u/(-14))?
6
Calculate the remainder when 359 is divided by (-347)/(-3) - (1130/(-113) - (-32)/3).
14
Let m(r) = -30*r + 303. Let x be m(-14). Let u = x - 717. Calculate the remainder when 26/2 + (1 - 0) is divided by u.
2
Let u(w) = -8*w**2 + 8*w. Let o be u(-1). Calculate the remainder when 118 is divided by (-15 - o)*40/1.
38
Let g(p) = 218*p - 9224. Calculate the remainder when 369 is divided by g(44).
1
Suppose 5*r = 3*k - 1072, -2*r + 3*r = 3*k - 1088. Suppose -5*a - p = -k, -5*a + 291 = -a + p. Calculate the remainder when a is divided by 16.
9
Let c = 9911 - 4512. What is the remainder when c is divided by 54?
53
What is the remainder when 225 is divided by ((-560)/49)/(2/(-7))?
25
Let h = 7311 + -6473. Calculate the remainder when h is divided by 138.
10
What is the remainder when 244 is divided by (-21)/(-14) + (-75)/(-10) + 27?
28
Suppose 2*t - 769 = -781. Calculate the remainder when t - ((-2 - -4) + -138) is divided by 23.
15
Let g(v) = 2*v**3 + 40*v**2 - 43*v + 56. What is the remainder when 304 is divided by g(-21)?
73
Suppose 48*f - 5495 = 41*f. Let g = f - 720. Calculate the remainder when 117 is divided by g.
52
Let v = -4845 + 5105. What is the remainder when v is divided by 30?
20
Let d(t) = -29*t + 866. What is the remainder when d(0) is divided by 352?
162
Let f = 280 + -200. Suppose 66 = -z + f. What is the remainder when 333 is divided by z?
11
Let o be (-7)/((-7)/3) - -2. Suppose 4*b = -5*t + 2403, 2*t = -o*b + 4*t + 3012. Suppose -3*u + b = 143. What is the remainder when u is divided by 22?
21
Let m = 190 + -190. Suppose -y + w - 3*w + 215 = m, -15 = 3*w. Calculate the remainder when y is divided by 38.
35
Let d = -7541 + 10597. Suppose -d = -15*v - 326. Suppose 0*f + 93 = h + 3*f, -2*h - 5*f + v = 0. Calculate the remainder when h is divided by 14.
11
Suppose 14640 = 21*u + 25*u + 2*u. Calculate the remainder when u is divided by 25.
5
Let h = -1 - -81. Suppose h = 2*f + 72. What is the remainder when 11 is divided by f?
3
Suppose -330 = 28*z - 34*z. Let p be (-2608)/10*(-105)/42. Suppose 3*t - 2 = -8, -2*t - p = -4*h. Calculate the remainder when h is divided by z.
52
Let y(q) be the second derivative of q**3 + 6*q**2 - 499*q. Suppose -4*t = -4, 3*b + 8 = -4*t + 21. Calculate the remainder when 148 is divided by y(b).
28
Suppose 3*h + 114 = j + 238, 2*j + 14 = 0. Calculate the remainder when 147 is divided by h.
30
Suppose 32 = 4*g - 3*b - 277, 4*g - 4*b = 312. Let v = -111988 - -112004. Calculate the remainder when g is divided by v.
11
Let r(c) = -24*c**3 + c**2 + 15*c + 22. Let q be r(-2). Suppose -q*b + 182*b + 618 = 0. Calculate the remainder when b is divided by 12.
7
Let t(l) = 6*l**2 + 21*l - 20. Let j be t(-7). Let q = j + -89. Calculate the remainder when 53 is divided by q.
15
What is the remainder when (-9)/((54/66)/(-3)) is divided by 9?
6
Suppose -50 - 2 = 2*j. Let h = j - -26. Suppose h = 5*m - 4*s - 148, -2*s + 92 = 4*m - 42. What is the remainder when 60 is divided by m?
28
Suppose 79*v - 103 - 82 = -27. Let t = 36 - 32. What is the remainder when t is divided by v?
0
Let m = -11610 - -12219. Calculate the remainder when m is divided by 220.
169
Suppose -165*q + 225*q = 538380. Calculate the remainder when q is divided by 25.
23
Let p = 4356 + -4322. Calculate the remainder when 100 is divided by p.
32
Suppose -41*o - 108*o = -5215. What is the remainder when 39 is divided by o?
4
Suppose 63 = 5*i + 8*x, -2*i + 3 = -3*x - 16. Calculate the remainder when 140 is divided by i.
8
Let h(c) = 5*c**2 + 2*c - 1. What is the remainder when 6 + -15 + (28 - 0) is divided by h(-2)?
4
Suppose -2*t + v + 2*v + 194 = 0, 3*v + 376 = 4*t. Let i = -3713 - -3708. Calculate the remainder when t - i*20/(-25) is divided by 22.
21
Let j(l) = -60*l - 173. Let h be j(-8). Let m = -285 + h. Calculate the remainder when 128 is divided by m.
18
Let y = -4275 - -4336. Calculate the remainder when 239 is divided by y.
56
Suppose 23 = r - 5*q, 4*r - 5*q - 60 = -q. Let m = -958 - -346. Let w = m - -660. Calculate the remainder when w is divided by r.
9
Suppose -86*r - 25 = -91*r + 2*l, 3*l = 5*r - 20. What is the remainder when 1884 is divided by r?
1
Suppose 3*k - y = 684, 107*k + 914 = 111*k - y. What is the remainder when 1395 is divided by k?
15
Suppose -50*c - 176 = -8176. Calculate the remainder when c is divided by -1*(-1528)/28 + (-6)/(-14).
50
Let n(m) = 26*m + 602. What is the remainder when 415 is divided by n(-18)?
13
Let v be (-1 - 1)*4/((-40)/2935). Let y = -841 + v. Let w = -132 - y. Calculate the remainder when w is divided by 25.
22
Suppose -3*s + 0*s - 2*f = -307, 4*f = -3*s + 299. Let l = s - 53. Calculate the remainder when 102 is divided by l.
50
What is the remainder when (-10 + -29)*(-8 + 20/4) is divided by 88?
29
Let v be (1/(10/15))/((-6)/(-8)). Suppose -18 = v*u - 3*u. What is the remainder when 63 is divided by u?
9
Suppose 0 = 2*y - 2, -3*i + 5*y + 17 + 94 = -55. Let v = -55 - -92. Calculate the remainder when i is divided by v.
20
Let m be -5 + (-4 - (7 - 531)). Let x = m + -488. What is the remainder when 134 is divided by x?
26
Calculate the remainder when 3